me factors of 908095.
5, 181619
What are the prime factors of 361493?
11, 59, 557
What are the prime factors of 4353743?
4353743
What are the prime factors of 17211244?
2, 59, 233, 313
List the prime factors of 7314234.
2, 3, 37, 47, 701
List the prime factors of 9581425.
5, 7, 54751
List the prime factors of 172707.
3, 23, 2503
List the prime factors of 696336.
2, 3, 89, 163
List the prime factors of 66362.
2, 33181
List the prime factors of 46882.
2, 11, 2131
What are the prime factors of 1556336?
2, 211, 461
List the prime factors of 2520273.
3, 7, 43, 2791
List the prime factors of 8274346.
2, 4137173
What are the prime factors of 1516966?
2, 11, 53, 1301
What are the prime factors of 76907?
76907
List the prime factors of 2715922.
2, 11, 41, 3011
List the prime factors of 1347487.
1347487
What are the prime factors of 35348457?
3, 17, 40771
List the prime factors of 712003.
47, 15149
What are the prime factors of 164119?
337, 487
List the prime factors of 400242.
2, 3, 41, 1627
What are the prime factors of 2576510?
2, 5, 101, 2551
What are the prime factors of 3108039?
3, 11, 19, 4957
What are the prime factors of 21001?
21001
What are the prime factors of 1424622?
2, 3, 283, 839
List the prime factors of 6600534.
2, 3, 1100089
List the prime factors of 223549.
223549
What are the prime factors of 180777?
3, 60259
What are the prime factors of 3850360?
2, 5, 96259
What are the prime factors of 1403803?
29, 48407
List the prime factors of 158902.
2, 79451
List the prime factors of 1206577.
1206577
List the prime factors of 2281346.
2, 37, 30829
List the prime factors of 1334175.
3, 5, 17789
What are the prime factors of 667897?
23, 71, 409
List the prime factors of 53530.
2, 5, 53, 101
What are the prime factors of 73706?
2, 137, 269
What are the prime factors of 348148?
2, 87037
List the prime factors of 275989.
7, 89, 443
List the prime factors of 1898280.
2, 3, 5, 5273
List the prime factors of 24088357.
29, 421, 1973
List the prime factors of 206527.
206527
What are the prime factors of 509440?
2, 5, 199
List the prime factors of 95853.
3, 89, 359
List the prime factors of 87235.
5, 73, 239
What are the prime factors of 24415?
5, 19, 257
List the prime factors of 11136955.
5, 17, 131023
What are the prime factors of 13323410?
2, 5, 17, 181, 433
What are the prime factors of 120754?
2, 173, 349
List the prime factors of 455882.
2, 7, 32563
List the prime factors of 255996.
2, 3, 13, 547
List the prime factors of 1676578.
2, 521, 1609
What are the prime factors of 4647576?
2, 3, 193649
What are the prime factors of 81153?
3, 71, 127
What are the prime factors of 1506556?
2, 376639
List the prime factors of 276261.
3, 71, 1297
What are the prime factors of 769755?
3, 5, 7, 7331
What are the prime factors of 560267?
577, 971
List the prime factors of 320646.
2, 3, 53441
What are the prime factors of 116093?
17, 6829
List the prime factors of 17440641.
3, 1063, 1823
What are the prime factors of 712782?
2, 3, 7, 5657
List the prime factors of 4986964.
2, 97, 12853
What are the prime factors of 202975?
5, 23, 353
What are the prime factors of 1948149?
3, 7, 17, 107
What are the prime factors of 35630?
2, 5, 7, 509
List the prime factors of 132000.
2, 3, 5, 11
What are the prime factors of 7238339?
7238339
List the prime factors of 243745.
5, 29, 41
List the prime factors of 48154.
2, 24077
What are the prime factors of 3658199?
3658199
List the prime factors of 152528.
2, 9533
What are the prime factors of 8300470?
2, 5, 23, 151, 239
List the prime factors of 5326041.
3, 7, 23, 11027
List the prime factors of 340922.
2, 373, 457
What are the prime factors of 1479962?
2, 11, 67271
What are the prime factors of 113520?
2, 3, 5, 11, 43
List the prime factors of 74779.
74779
What are the prime factors of 9366253?
13, 720481
What are the prime factors of 210852?
2, 3, 5857
What are the prime factors of 140224?
2, 7, 313
What are the prime factors of 30408155?
5, 17, 191, 1873
What are the prime factors of 46894?
2, 23447
List the prime factors of 807111.
3, 167, 179
What are the prime factors of 14345?
5, 19, 151
What are the prime factors of 139101?
3, 199, 233
List the prime factors of 500146.
2, 250073
What are the prime factors of 18704?
2, 7, 167
List the prime factors of 3369893.
17, 167, 1187
What are the prime factors of 109153?
11, 9923
List the prime factors of 21643821.
3, 89, 9007
List the prime factors of 755157.
3, 13, 17, 67
List the prime factors of 13620195.
3, 5, 313, 967
What are the prime factors of 2694973?
2694973
What are the prime factors of 92718?
2, 3, 17, 101
What are the prime factors of 71957?
47, 1531
What are the prime factors of 15826112?
2, 29, 8527
What are the prime factors of 4954091?
4954091
What are the prime factors of 1430953?
1430953
List the prime factors of 1922428.
2, 17, 1663
List the prime factors of 4205069.
11, 17, 113, 199
List the prime factors of 17299340.
2, 5, 864967
List the prime factors of 206192.
2, 7, 263
List the prime factors of 505236.
2, 3, 71, 593
List the prime factors of 25515.
3, 5, 7
List the prime factors of 10312601.
13, 349, 2273
List the prime factors of 76736.
2, 11, 109
List the prime factors of 10062186.
2, 3, 1677031
List the prime factors of 8786983.
67, 131149
What are the prime factors of 537339?
3, 11, 19, 857
List the prime factors of 43772.
2, 31, 353
List the prime factors of 171944.
2, 21493
What are the prime factors of 216528?
2, 3, 13, 347
What are the prime factors of 1513935?
3, 5, 17, 1979
What are the prime factors of 129425?
5, 31, 167
List the prime factors of 1081238.
2, 540619
What are the prime factors of 223088?
2, 73, 191
What are the prime factors of 12512?
2, 17, 23
What are the prime factors of 2155798?
2, 617, 1747
What are the prime factors of 381548?
2, 17, 31, 181
List the prime factors of 491224.
2, 61403
What are the prime factors of 337828?
2, 84457
List the prime factors of 111871.
111871
List the prime factors of 667397.
761, 877
List the prime factors of 8485335.
3, 5, 188563
What are the prime factors of 16525638?
2, 3, 23, 179, 223
What are the prime factors of 1621715?
5, 17, 19079
List the prime factors of 169448.
2, 59, 359
List the prime factors of 145510.
2, 5, 14551
What are the prime factors of 4128211?
1229, 3359
What are the prime factors of 5730259?
2131, 2689
What are the prime factors of 6350068?
2, 43, 36919
What are the prime factors of 255378?
2, 3, 31, 1373
What are the prime factors of 185649?
3, 19, 3257
List the prime factors of 90739.
11, 73, 113
What are the prime factors of 2603775?
3, 5, 149, 233
List the prime factors of 1345564.
2, 11, 53, 577
List the prime factors of 139414.
2, 11, 6337
What are the prime factors of 168202?
2, 37, 2273
List the prime factors of 2901.
3, 967
List the prime factors of 2802672.
2, 3, 19463
What are the prime factors of 780140?
2, 5, 19, 2053
What are the prime factors of 301388?
2, 75347
What are the prime factors of 5467766?
2, 59, 46337
What are the prime factors of 14105786?
2, 7052893
What are the prime factors of 22484827?
31, 725317
List the prime factors of 223088.
2, 73, 191
List the prime factors of 5431962.
2, 3, 107, 8461
What are the prime factors of 873444?
2, 3, 11, 13, 509
List the prime factors of 354180.
2, 3, 5, 5903
What are the prime factors of 1381415?
5, 7, 29, 1361
List the prime factors of 324274.
2, 281, 577
List the prime factors of 662890.
2, 5, 151, 439
List the prime factors of 9574.
2, 4787
List the prime factors of 18780.
2, 3, 5, 313
What are the prime factors of 720726?
2, 3, 120121
List the prime factors of 1107743.
7, 13, 37, 47
What are the prime factors of 946921?
151, 6271
List the prime factors of 173142.
2, 3, 9619
List the prime factors of 1956542.
2, 7, 139753
What are the prime factors of 1991434?
2, 251, 3967
What are the prime factors of 8155862?
2, 11, 13, 28517
List the prime factors of 246160.
2, 5, 17, 181
What are the prime factors of 16356667?
29, 191, 2953
What are the prime factors of 867372?
2, 3, 11, 6571
What are the prime factors of 2121044?
2, 530261
What are the prime factors of 568144?
2, 35509
What are the prime factors of 1715180?
2, 5, 191, 449
What are the prime factors of 312482?
2, 156241
What are the prime f